(-53).
-3
Let w(x) = 3*x**3 + 51*x**2 - 38*x + 310. Give w(-19).
-1134
Let x(o) = -o**3 + 154*o**2 - 4411*o + 154. Calculate x(38).
40
Let a(j) = -1091645*j - 1091628. Determine a(-1).
17
Let n(c) = -c**3 + 26*c**2 - 1036*c + 26966. Determine n(26).
30
Let l(y) = -y**2 + 615*y - 15543. What is l(24)?
-1359
Let g(r) = -1522*r + 55737. What is g(37)?
-577
Let q(h) = -36*h + 1661. Give q(59).
-463
Let p(h) = -11*h**3 + 55*h**2 - 622*h + 4134. Determine p(6).
6
Let a(f) = 6*f**3 + 404*f**2 - 56*f - 12722. What is a(-67)?
8
Let c(k) = -k**3 + 75*k**2 + 938*k - 97. Determine c(-11).
-9
Let a(p) = 13*p**2 + 4659*p - 2864. Calculate a(-359).
8
Let a(u) = u**3 - 48*u**2 + 53*u + 1055. Determine a(46).
-739
Let g(k) = -k**2 + 696*k + 35703. Determine g(-48).
-9
Let d(u) = -2*u**3 - 1148*u**2 - 1192*u - 26351. Determine d(-573).
7
Let o(x) = -402173*x - 2815210. Calculate o(-7).
1
Let j(o) = 310*o**2 + 5261*o - 141. Determine j(-17).
12
Let z(t) = -2*t**3 + 2*t**2 + 48*t - 259. Give z(5).
-219
Let m(d) = -9*d**2 + 1596*d - 2035. Give m(176).
77
Let q(z) = 476*z + 334626. What is q(-703)?
-2
Let x(j) = 2*j**2 + 19*j - 23449. What is x(-113)?
-58
Let a(o) = -2*o**2 + 1894*o + 34754. Calculate a(-18).
14
Let w(k) = -2*k**2 - 9041*k - 135170. What is w(-15)?
-5
Let h(j) = j**3 + 9*j**2 + 45*j - 29. Determine h(-12).
-1001
Let v(u) = 3*u**3 - 82*u**2 - 53*u - 67. Calculate v(28).
17
Let k(h) = -h**2 + 20525*h + 328572. Calculate k(-16).
-84
Let k(j) = -j**3 + 284*j**2 - 8496*j - 953. Determine k(250).
47
Let c(b) = 397*b + 374. Calculate c(-4).
-1214
Let h(o) = 10*o**3 - 381*o**2 + 38*o - 12. Determine h(38).
-12
Let r(f) = -f**2 + 356*f - 20883. Calculate r(287).
-1080
Let f(d) = -d**3 - 5*d**2 + d - 172. What is f(-10)?
318
Let z(q) = 2*q**3 + 19*q**2 - 11290*q - 101689. Calculate z(-9).
2
Let t(q) = 152*q**2 + 54652*q - 24479. Give t(-360).
1
Let o(u) = 3398*u + 74240. Give o(-24).
-7312
Let c(t) = -t**3 - 27*t**2 - 119*t + 116. Determine c(-14).
-766
Let h(s) = s**2 + 86*s - 370. Give h(-87).
-283
Let a(y) = 2146*y - 32257. Calculate a(15).
-67
Let d(l) = -912*l**2 - 4078*l - 13. What is d(-4)?
1707
Let h(b) = -2838*b - 161586. Give h(-57).
180
Let d(x) = 2*x**3 - 10*x**2 + 76*x - 509. What is d(7)?
219
Let w(v) = -v**2 - 147*v - 2178. Calculate w(-20).
362
Let a(q) = -13168*q + 1145573. Determine a(87).
-43
Let b(y) = 2*y**3 + 20*y**2 + 461*y + 6998. What is b(-13)?
-9
Let u(f) = f**3 + 44*f**2 - 120*f - 6642. Calculate u(-43).
367
Let b(v) = -2*v**3 - 75*v**2 - 55*v - 29. Determine b(-37).
637
Let a(y) = y**3 + 44*y**2 - 4005*y + 58. Calculate a(-89).
58
Let h(j) = -8*j**2 + 1063*j - 25147. What is h(102)?
47
Let f(y) = 604*y - 125611. Calculate f(208).
21
Let b(t) = 5030*t**2 - 246470*t + 3. Determine b(49).
3
Let k(m) = 6839*m + 34137. Give k(-5).
-58
Let f(c) = -27*c**3 - 143*c**2 + 5*c + 11. Calculate f(-5).
-214
Let z(p) = -6*p**2 - 45*p + 333. Give z(11).
-888
Let f(u) = 40*u**2 + 26509*u - 7113. Calculate f(-663).
180
Let g(h) = -2*h**2 - 328*h - 13926. What is g(-90)?
-606
Let m(y) = 36*y**2 + 146*y + 268. Calculate m(-2).
120
Let z(w) = 2558*w - 1836659. Determine z(718).
-15
Let n(y) = -2*y**3 - 196*y**2 - 212*y - 85. Determine n(-97).
1661
Let w(t) = 13399*t - 17700077. What is w(1321)?
2
Let v(m) = -12*m**2 + 3000*m + 18428. Give v(256).
-4
Let y(d) = 668*d - 8453. Give y(13).
231
Let f(p) = -6*p**2 + 278*p + 142. What is f(54)?
-2342
Let b(w) = -277*w + 62319. What is b(225)?
-6
Let a(d) = 674*d**2 + 7419*d + 6. What is a(-11)?
-49
Let n(r) = 150*r**2 + 45053*r - 29221. Calculate n(-301).
-24
Let b(s) = s**2 - 4130*s - 91333. Determine b(-22).
11
Let f(a) = -a**3 - 29*a**2 - 166*a - 5881. Calculate f(-30).
-1
Let b(v) = 2430*v - 413088. Give b(170).
12
Let l(p) = -5282*p**2 - 79227*p + 95. Determine l(-15).
50
Let h(i) = 3881*i + 768. Calculate h(0).
768
Let g(u) = -1611*u + 122229. Give g(76).
-207
Let i(v) = 11*v**2 + 466*v - 8779. What is i(15)?
686
Let a(f) = f**3 - 43*f**2 - 379*f + 19760. Calculate a(40).
-200
Let m(s) = 4*s**2 + 4963*s. Calculate m(0).
0
Let f(q) = -17*q**3 + 120*q**2 + 47*q + 108. What is f(8)?
-540
Let v(s) = 13141*s - 407356. Determine v(31).
15
Let q(k) = -k**3 + 56*k**2 + 312*k - 17417. Give q(56).
55
Let x(r) = r**3 - 11*r**2 + 73*r + 204. Give x(-2).
6
Let n(f) = -f**2 + 53*f + 268. Determine n(17).
880
Let u(b) = -353*b + 27243. Determine u(77).
62
Let n(j) = 14*j**3 + 112*j**2 + 221*j - 11. What is n(-2)?
-117
Let w(g) = -2329*g + 93031. Calculate w(40).
-129
Let t(j) = 31390*j - 345261. What is t(11)?
29
Let n(j) = 3*j**2 - 843*j - 388917. What is n(-246)?
9
Let n(v) = -2*v**3 - 4*v**2 + 42*v - 424. Calculate n(9).
-1828
Let q(k) = 4558*k - 6801. What is q(2)?
2315
Let h(p) = 2*p**2 + 36*p + 1889. Give h(-26).
2305
Let g(q) = 36*q**3 + 499*q**2 - 134*q - 898. Determine g(-14).
-2
Let o(f) = 2234*f - 844427. What is o(378)?
25
Let t(y) = -140*y**2 - 19261*y - 38529. Give t(-2).
-567
Let n(p) = 10*p**2 - 723*p - 10122. What is n(-12)?
-6
Let y(z) = z**3 - 23*z**2 - 1427*z - 4063. What is y(-3)?
-16
Let x(u) = 338*u**2 - 1647*u - 233. Give x(5).
-18
Let o(v) = 115*v**3 + 3*v**2 - 17*v + 33. What is o(2)?
931
Let d(g) = -g**3 + 24*g**2 - 82*g - 285. Give d(7).
-26
Let l(s) = -2*s**3 + 10*s**2 + 4*s - 14. Give l(6).
-62
Let d(c) = 16*c**3 - 268*c**2 - 49*c - 21. Determine d(17).
302
Let s(w) = 14947*w + 792173. What is s(-53)?
-18
Let j(s) = -4*s**3 - 27*s**2 - 324*s + 798. Determine j(2).
10
Let p(a) = a**3 + 200*a**2 + 8530*a + 7095. Give p(-139).
6
Let h(x) = -4*x**2 - 4389*x + 931299. Calculate h(182).
5
Let v(t) = t**3 + 182*t**2 + 60*t + 43977. Determine v(-183).
-492
Let c(a) = -a**2 + 439*a + 132036. Calculate c(-205).
16
Let t(y) = 691*y**2 - 2710*y - 138. What is t(4)?
78
Let a(x) = 159441*x - 478388. Give a(3).
-65
Let x(i) = -187*i - 764. Calculate x(-3).
-203
Let v(f) = 105*f - 6589. Give v(63).
26
Let s(g) = 40186*g + 120563. Give s(-3).
5
Let t(v) = v**3 + 25*v**2 + 177*v + 117. What is t(-14)?
-205
Let d(t) = -404*t**2 + 375319*t - 2787. Calculate d(929).
0
Let t(h) = 969*h**2 + 414732*h + 4. Calculate t(-428).
4
Let w(l) = -l**3 + 63*l**2 + 316*l - 144. Calculate w(-5).
-24
Let h(c) = c**2 + 1959689*c - 13717867. Give h(7).
5
Let r(s) = 7*s**2 + 762*s + 5650. What is r(-102)?
754
Let j(c) = 36277*c - 145028. Calculate j(4).
80
Let b(l) = l**3 - 1084*l**2 - 3422*l + 175019. Give b(1087).
12
Let k(x) = 3*x**3 + 32*x**2 + 91*x - 62. Give k(-4).
-106
Let d(f) = -65*f**2 - 377*f - 297. Give d(-7).
-843
Let k(r) = 304*r**2 + 72*r + 4. Give k(0).
4
Let s(d) = -d**3 - 615*d**2 - 20865*d + 315. Determine s(-36).
1071
Let l(z) = 3250*z + 175526. Give l(-54).
26
Let w(o) = o**3 - 101*o**2 + 136*o + 6124. What is w(99)?
-14
Let x(z) = -214*z + 73430. Calculate x(343).
28
Let o(y) = 363014*y - 34123304. Determine o(94).
12
Let r(j) = -7660*j + 7562. Calculate r(1).
-98
Let w(t) = t**3 - 83*t**2 - 1364*t - 45. Calculate w(-14).
39
Let c(j) = j**3 - 342*j**2 - 3517*j + 26. What is c(-10)?
-4
Let r(w) = -138*w**2 + 4962*w + 217. Give r(36).
1
Let l(d) = 909*d**2 + 1793*d + 3. Determine l(-2).
53
Let s(u) = -1748*u**2 + 47178*u + 149. Determine s(27).
-337
Let f(n) = -2*n**2 + 1912*n + 199772. Calculate f(-95).
82
Let a(x) = -x**3 + 12*x**2 - 2158*x + 8471. Calculate a(4).
-33
Let y(s) = 54*s**2 - 414*s + 838. What is y(2)?
226
Let q(c) = 1068*c + 17027. Give q(-16).
-61
Let k(o) = 6*o**3 - 3*o**2 + 64*o - 94. What is k(2)?
70
Let m(c) = 468*c - 2622. What is m(6)?
186
Let t(z) = 20*z**2 - 550*z + 2949. Determine t(7).
79
Let y(l) = 65310*l - 914341. Give y(14).
-1
Let z(n) = 1901*n + 43814. Calculate z(-23).
91
Let b(u) = -58*u**2 + 3357*u + 3855. What is b(59)?
20
Let w(l) = -3505*l - 7010. Determine w(-2).
0
Let d(u) = -6*u**3 - u**2 - 30*u - 164. What is d(-5)?
711
Let h(l) = 3175*l + 9407. Calculate h(-3).
-118
Let y(d) = 4*d**3 + 7*d**2 + 1612*d + 6379. Determine y(-4).
-213
Let w(b) = 33*b - 509. Determine w(45).
976
Let p(b) = b**3 - 5*b**2 + 38*b - 136. What is p(4)?
0
Let p(a) = -2*a**3 + 20*a**2 + 263*a - 58. Calculate p(-9).
653
Let u(l) = 7*l + 1097. What is u(-19)?
964
Let k(o) = -2*o**2 + 67*o - 522. Give k(49).
-2041
Let k(z) = -834*z - 267382. Give k(-320).
-502
Let d(b) = -214*b - 10865. D